ghest common divisor of 19 and l?
19
Let y(a) = 5*a - 71*a + 12*a. Let q be y(-1). Let o = -4 + 10. What is the highest common factor of o and q?
6
Let w = -19 - -33. Let n(o) = 2*o - 6. Let p be n(4). Suppose j + 3*l = -2, 3*l + 44 = p*j + 3*j. What is the highest common factor of j and w?
7
Let g = -1 + 7. What is the greatest common divisor of 6 and g?
6
Let g = -85 + 150. Let w = -3 - -16. Calculate the highest common factor of w and g.
13
Suppose 3 = 2*g - 7. Calculate the greatest common factor of 55 and g.
5
Suppose -5 + 29 = h. Suppose w + 3*w = 40. Suppose -5*z = -5*q - w*z, 4*q = -3*z + 3. Calculate the greatest common factor of q and h.
3
Suppose 0 = -5*p - 2*p + 56. Calculate the greatest common factor of 64 and p.
8
Suppose -8*b + 2 + 1294 = 0. Calculate the highest common factor of b and 18.
18
Suppose -3*m + 15 = 3*w, 16 = 2*w - 2*m - 14. What is the highest common factor of w and 30?
10
Suppose -2*n - 2 = -g, -21 = -3*g - 3*n + 4*n. Let z be (-54)/(-10) + g/(-20). Calculate the highest common factor of z and 5.
5
Let s(i) = -5*i. Let m(u) = -u. Let w(o) = 6*m(o) - s(o). Let h be w(-4). What is the greatest common factor of h and 28?
4
Suppose -2*d - 220 = -3*h, 4*h - 3*d - 305 = 2*d. Calculate the highest common divisor of h and 14.
14
Let s(k) = 9*k + 2. Let p be s(2). Let h be (75/(-6)*-4)/1. What is the highest common divisor of p and h?
10
Let l be 6/(-2) - (3*-24 + 4). Calculate the greatest common factor of 26 and l.
13
Let j(y) = y - 7. Let n be j(7). Suppose 4*p - p = n. Suppose 4*g - 8 = -p. What is the highest common factor of 6 and g?
2
Suppose -27 = 6*y - 171. Suppose -2*l + l + y = 0. What is the greatest common factor of 8 and l?
8
Suppose 9*c - 4*c - 13 = -3*s, -4*c - 4 = 0. Suppose -4*i - 3*z + 4 = 0, 2*i - s + 4 = 4*z. What is the highest common factor of 3 and i?
1
Let j(x) = -x + 102. Let d be j(32). Calculate the highest common factor of 14 and d.
14
Suppose 3*n + 39 = 6*n. Suppose 0 = 8*u - n*u + 140. Calculate the highest common factor of 7 and u.
7
Let y be (2/(-3))/((-68)/(-36) + -2). What is the greatest common factor of 9 and y?
3
Let i(n) = 5*n**2 + 2*n + 1. Let c be i(-1). Let t be c/(10/4 - 2). Calculate the highest common divisor of t and 64.
8
Suppose 4*l = 3*l + 11. Let y be 26/10 + 2/5. Suppose 5*s = y*w - 28, 3*s = 2*w - s - 18. What is the highest common factor of w and l?
11
Let j be 3/(1*(-12)/(-572)). What is the highest common divisor of j and 26?
13
Let q be (-2)/(32/(-14) + 2). What is the highest common factor of 35 and q?
7
Let a be (-21)/(-3 + 0) + -3. Suppose a = -4*z + 12. Calculate the highest common factor of 14 and z.
2
Let f be 3/(12/80*2). Let a be 40/12*108/f. Calculate the greatest common factor of 4 and a.
4
Let g(i) = -8*i**2 + 3*i + 20. Let p(v) = 3*v**2 - v - 7. Let x(u) = 4*g(u) + 11*p(u). Let r be x(-3). What is the greatest common divisor of 36 and r?
9
Suppose p - 1277 = -4*i, 369 = 2*i - 5*p - 286. Let k = i - 216. Calculate the greatest common factor of k and 13.
13
Let j(b) = -b**3 + 5*b**2 - 3*b + 4. Let w be j(4). Suppose 44 - 52 = -4*u. Calculate the highest common divisor of u and w.
2
Let z(o) = -o**3 + 2*o**3 + 8 + 0 + 7*o**2 + 8*o. Let q be z(-6). Let w be 2/q*0 + 4. What is the highest common divisor of 32 and w?
4
Let m = -2 + 4. Let q(s) = 4*s - s**2 - s**2 + 3*s**m. Let p be q(-8). What is the greatest common divisor of p and 4?
4
Suppose 3*c - 2*b + 0*b - 78 = 0, 0 = -5*b. Calculate the greatest common divisor of 234 and c.
26
Let l be (3 - 0)/(-3) + -31. Let n = l + 60. Let g be 50/8 + (-6)/(-8). What is the highest common factor of g and n?
7
Suppose -y + 9 = 3*j - 11, 6 = 3*y. Let t be j/(-15) + 246/15. Calculate the greatest common divisor of 64 and t.
16
Suppose -3*m + 69 = 2*m - v, 0 = -4*m - 4*v + 60. Let d = 6 - 3. Suppose -251 + 713 = d*k. What is the highest common factor of k and m?
14
Suppose 4*f - 1901 - 1735 = 0. Let x = f - 634. Calculate the highest common divisor of 25 and x.
25
Let u(s) = s**3 + 6*s**2 + s - 4. Let w be u(-2). What is the highest common factor of 30 and w?
10
Suppose y + 0*y = 6. Let x be (-30)/8*(12 - 4). Let a = x + 60. Calculate the highest common divisor of y and a.
6
Let o = 13 - 6. Suppose -4*s + 1 = -3*g - 2*g, -2*s = 3*g - 17. Let f be 3/6 + 54/s. Calculate the highest common factor of o and f.
7
Let i(n) = n**3 + n - 11. Let x be i(0). Let d = 20 + x. Let y = -5 + 8. What is the greatest common divisor of d and y?
3
Let z be (2/(-4))/(2/(-16)). Let q(v) = 4*v**2 - 3*v. Let k be q(z). What is the greatest common divisor of k and 78?
26
Let m = -27 - -19. Let k be 36/m*(-6)/9. Calculate the highest common factor of k and 9.
3
Let t(f) = -48*f - 1. Let w be t(-2). Suppose -3*d + 2*y = -w - 128, -y + 144 = 2*d. Suppose u + 28 - d = 0. Calculate the greatest common factor of u and 30.
15
Let n = -19 + 35. Suppose -k - 4 + n = 0. Suppose 3*u - 5*y - 36 = 0, -y - 2*y = 0. What is the greatest common factor of u and k?
12
Let a be 3/(-18) - 110/(-12). Let m = -7 + a. Let o = -3 - -17. What is the greatest common factor of o and m?
2
Let i = -2 - -11. What is the highest common factor of 45 and i?
9
Let m = 268 - 190. Calculate the greatest common factor of m and 26.
26
Let h be 40/18 - (-12)/(-54). Suppose 3*i - 19 = 110. Let b = i + -27. What is the highest common divisor of h and b?
2
Let c be (3/(-6))/((-1)/6). Suppose 0*k - 20 = 5*k. Let o be ((-6)/k)/((-5)/(-10)). Calculate the greatest common divisor of o and c.
3
Let s be (2 - -14)/(3/3). Calculate the greatest common factor of 96 and s.
16
Suppose 2*q - v - 30 = -5*v, -4*q = -4*v - 72. Calculate the greatest common factor of 17 and q.
17
Let r(w) = -w**3 - 5*w - 5. Let c be r(-3). Calculate the greatest common divisor of c and 74.
37
Let b be (-558)/(-5) - (-8)/20. Calculate the highest common divisor of b and 16.
16
Suppose -79 = -a + 2*w, 6*a - 327 = 2*a - 3*w. Suppose 2 = -v + 3*v, 0 = 4*p + 5*v - a. Calculate the highest common factor of p and 171.
19
Let k(i) = 8 + 6*i + 4*i - 8. Suppose -2*s = s - 3. Let n be k(s). Calculate the greatest common factor of n and 70.
10
Let u = -2 - -11. Let i be 3 + 31 + 6 + -4. Calculate the highest common factor of i and u.
9
Suppose 3*x - 1 = 2*x - 3*z, -z - 4 = 0. Calculate the highest common divisor of 13 and x.
13
Suppose 4*z - 12 = -2*y - 3*y, 0 = 4*z + 3*y - 12. Suppose 5*u + 25 = 0, q + 2*u + z = 1. Let k = -34 - -66. What is the highest common divisor of k and q?
8
Suppose -u = -19 + 7. What is the highest common factor of 108 and u?
12
Let t(h) = h + 11. Let d be t(0). Calculate the highest common divisor of d and 22.
11
Let r = 5 + -10. Let x(y) be the first derivative of y**4/4 + 5*y**3/3 - y**2 - 5*y + 1. Let h be x(r). What is the highest common divisor of h and 1?
1
Let s(d) = -d**2 + 10*d - 12. Let p be s(9). Let t = 15 + p. Calculate the greatest common divisor of 84 and t.
12
Let f(a) = 8*a**2 + 4*a + 2*a**3 - 3*a**3 - 4*a. Let v be f(8). Suppose -m + 0*m + 7 = v. What is the highest common factor of m and 49?
7
Suppose -b - 214 = -3*b. Suppose 0 = 5*v - b - 73. Suppose -4*a - 161 = -7*d + 2*d, d = -3*a + v. Calculate the highest common factor of d and 3.
3
Let h = 26 - 23. What is the greatest common factor of 3 and h?
3
Suppose 28 = -6*w + 2*w. Let b be (6 - -1)*(0 + w). Let d = -14 - b. What is the greatest common factor of 5 and d?
5
Let q be (-501)/(-18) + 2/12. Let o = 14 - q. Let a = o + 24. What is the greatest common divisor of 5 and a?
5
Let f be ((-4)/10 - 14/(-2))*10. Calculate the greatest common factor of 99 and f.
33
Let h = -6 - -2. Let f(c) = 2*c**2 + 5*c - 2. Let m be f(h). Calculate the highest common factor of m and 5.
5
Suppose -5*k - 3 = -2*k, -3*x = 4*k + 7. Let f = x + 2. Suppose -3*j + 0 = 3*q - 12, -q = -5*j - 34. What is the highest common divisor of f and q?
1
Suppose 0 = 9*r - 5*r - 216. What is the greatest common factor of 6 and r?
6
Suppose 4*o - 3*b = 27, b - 3 = -0*b. Calculate the highest common divisor of o and 45.
9
Let i(p) = -2*p - 4. Suppose -6 = 3*h + 6. Let u be i(h). Suppose 6 + 2 = u*r. What is the highest common factor of 2 and r?
2
Let t be -4 - 3/((-9)/12). Suppose t = -4*w + l + 2*l + 80, 5*l = -20. What is the highest common divisor of w and 153?
17
L